{"id":13,"date":"2023-01-29T21:25:08","date_gmt":"2023-01-29T20:25:08","guid":{"rendered":"https:\/\/gourguiphoto.fr\/?page_id=13"},"modified":"2024-05-13T20:37:01","modified_gmt":"2024-05-13T18:37:01","slug":"histoire-du-club","status":"publish","type":"page","link":"https:\/\/gourguiphoto.fr\/index.php\/histoire-du-club\/","title":{"rendered":"Historique du club"},"content":{"rendered":"\t\t<div data-elementor-type=\"wp-page\" data-elementor-id=\"13\" class=\"elementor elementor-13\">\n\t\t\t\t\t\t<section class=\"elementor-section elementor-top-section elementor-element elementor-element-ddd1df0 elementor-section-height-min-height elementor-section-boxed elementor-section-height-default elementor-section-items-middle\" data-id=\"ddd1df0\" data-element_type=\"section\">\n\t\t\t\t\t\t<div class=\"elementor-container elementor-column-gap-default\">\n\t\t\t\t\t<div class=\"elementor-column elementor-col-33 elementor-top-column elementor-element elementor-element-f867634\" data-id=\"f867634\" data-element_type=\"column\">\n\t\t\t<div class=\"elementor-widget-wrap\">\n\t\t\t\t\t\t\t<\/div>\n\t\t<\/div>\n\t\t\t\t<div class=\"elementor-column elementor-col-33 elementor-top-column elementor-element elementor-element-f413e51\" data-id=\"f413e51\" data-element_type=\"column\">\n\t\t\t<div class=\"elementor-widget-wrap elementor-element-populated\">\n\t\t\t\t\t\t<div class=\"elementor-element elementor-element-17c8eb1 elementor-widget elementor-widget-heading\" data-id=\"17c8eb1\" data-element_type=\"widget\" data-widget_type=\"heading.default\">\n\t\t\t\t<div class=\"elementor-widget-container\">\n\t\t\t<style>\/*! elementor - v3.21.0 - 18-04-2024 *\/\n.elementor-heading-title{padding:0;margin:0;line-height:1}.elementor-widget-heading .elementor-heading-title[class*=elementor-size-]>a{color:inherit;font-size:inherit;line-height:inherit}.elementor-widget-heading .elementor-heading-title.elementor-size-small{font-size:15px}.elementor-widget-heading .elementor-heading-title.elementor-size-medium{font-size:19px}.elementor-widget-heading .elementor-heading-title.elementor-size-large{font-size:29px}.elementor-widget-heading .elementor-heading-title.elementor-size-xl{font-size:39px}.elementor-widget-heading .elementor-heading-title.elementor-size-xxl{font-size:59px}<\/style><h1 class=\"elementor-heading-title elementor-size-default\">L\u2019histoire de la Gourguillonnaise-Photo<\/h1>\t\t<\/div>\n\t\t\t\t<\/div>\n\t\t\t\t\t<\/div>\n\t\t<\/div>\n\t\t\t\t<div class=\"elementor-column elementor-col-33 elementor-top-column elementor-element elementor-element-72cce31\" data-id=\"72cce31\" data-element_type=\"column\">\n\t\t\t<div class=\"elementor-widget-wrap\">\n\t\t\t\t\t\t\t<\/div>\n\t\t<\/div>\n\t\t\t\t\t<\/div>\n\t\t<\/section>\n\t\t\t\t<section class=\"elementor-section elementor-top-section elementor-element elementor-element-bde628a elementor-section-boxed elementor-section-height-default elementor-section-height-default\" data-id=\"bde628a\" data-element_type=\"section\">\n\t\t\t\t\t\t<div class=\"elementor-container elementor-column-gap-default\">\n\t\t\t\t\t<div class=\"elementor-column elementor-col-33 elementor-top-column elementor-element elementor-element-06df04d\" data-id=\"06df04d\" data-element_type=\"column\">\n\t\t\t<div class=\"elementor-widget-wrap\">\n\t\t\t\t\t\t\t<\/div>\n\t\t<\/div>\n\t\t\t\t<div class=\"elementor-column elementor-col-33 elementor-top-column elementor-element elementor-element-dc7093d\" data-id=\"dc7093d\" data-element_type=\"column\">\n\t\t\t<div class=\"elementor-widget-wrap elementor-element-populated\">\n\t\t\t\t\t\t<div class=\"elementor-element elementor-element-182d562 elementor-widget elementor-widget-text-editor\" data-id=\"182d562\" data-element_type=\"widget\" data-widget_type=\"text-editor.default\">\n\t\t\t\t<div class=\"elementor-widget-container\">\n\t\t\t<style>\/*! elementor - v3.21.0 - 18-04-2024 *\/\n.elementor-widget-text-editor.elementor-drop-cap-view-stacked .elementor-drop-cap{background-color:#69727d;color:#fff}.elementor-widget-text-editor.elementor-drop-cap-view-framed .elementor-drop-cap{color:#69727d;border:3px solid;background-color:transparent}.elementor-widget-text-editor:not(.elementor-drop-cap-view-default) .elementor-drop-cap{margin-top:8px}.elementor-widget-text-editor:not(.elementor-drop-cap-view-default) .elementor-drop-cap-letter{width:1em;height:1em}.elementor-widget-text-editor .elementor-drop-cap{float:left;text-align:center;line-height:1;font-size:50px}.elementor-widget-text-editor .elementor-drop-cap-letter{display:inline-block}<\/style>\t\t\t\t<p>Association culturelle alors r\u00e9serv\u00e9e en partie aux salari\u00e9s et aux retrait\u00e9s de la M\u00e9tropole et de la Ville de Lyon, qui la subventionnaient, la Gourguillonnaise a vu le jour en 1975. C\u2019est sa premi\u00e8re adresse, mont\u00e9e du Gourguillon, qui lui a donn\u00e9 son nom. Elle avait neuf \u00ab sections \u00bb : th\u00e9\u00e2tre, danse, peinture, musique, astronomie, photo, arts de la rue, informatique, collections&#8230;<\/p><p>Oblig\u00e9e de quitter ses locaux en 2020, elle s\u2019est dissoute l\u2019ann\u00e9e suivante.<\/p><p>Trois activit\u00e9s ont alors continu\u00e9 de porter son esprit et ses valeurs dans des structures autonomes : le club photo, devenu la Gourguillonnaise-Photo, la Batucada (ex-arts de la rue), devenue les Batoukailleurs, et le th\u00e9\u00e2tre, devenu le Th\u00e9\u00e2tre sans Nom.<\/p>\t\t\t\t\t\t<\/div>\n\t\t\t\t<\/div>\n\t\t\t\t\t<\/div>\n\t\t<\/div>\n\t\t\t\t<div class=\"elementor-column elementor-col-33 elementor-top-column elementor-element elementor-element-a4fbe03\" data-id=\"a4fbe03\" data-element_type=\"column\">\n\t\t\t<div class=\"elementor-widget-wrap\">\n\t\t\t\t\t\t\t<\/div>\n\t\t<\/div>\n\t\t\t\t\t<\/div>\n\t\t<\/section>\n\t\t\t\t<\/div>\n\t\t","protected":false},"excerpt":{"rendered":"<p>L\u2019histoire de la Gourguillonnaise-Photo Association culturelle alors r\u00e9serv\u00e9e en partie aux salari\u00e9s et aux retrait\u00e9s de la M\u00e9tropole et de la Ville de Lyon, qui la subventionnaient, la Gourguillonnaise a vu le jour en 1975. C\u2019est sa premi\u00e8re adresse, mont\u00e9e du Gourguillon, qui lui a donn\u00e9 son nom. Elle avait neuf \u00ab sections \u00bb : &hellip;<\/p>\n<p class=\"read-more\"> <a class=\"\" href=\"https:\/\/gourguiphoto.fr\/index.php\/histoire-du-club\/\"> <span class=\"screen-reader-text\">Historique du club<\/span> Lire la suite\u00a0\u00bb<\/a><\/p>\n","protected":false},"author":1,"featured_media":0,"parent":0,"menu_order":0,"comment_status":"closed","ping_status":"closed","template":"elementor_header_footer","meta":{"site-sidebar-layout":"no-sidebar","site-content-layout":"page-builder","ast-global-header-display":"","ast-main-header-display":"","ast-hfb-above-header-display":"","ast-hfb-below-header-display":"","ast-hfb-mobile-header-display":"","site-post-title":"disabled","ast-breadcrumbs-content":"","ast-featured-img":"disabled","footer-sml-layout":"","theme-transparent-header-meta":"","adv-header-id-meta":"","stick-header-meta":"","header-above-stick-meta":"","header-main-stick-meta":"","header-below-stick-meta":"","ngg_post_thumbnail":0,"footnotes":""},"class_list":["post-13","page","type-page","status-publish","hentry"],"yoast_head":"<!-- This site is optimized with the Yoast SEO plugin v20.4 - https:\/\/yoast.com\/wordpress\/plugins\/seo\/ -->\n<title>Historique du club - Gourguillonnaise-Photo<\/title>\n<meta name=\"robots\" content=\"index, follow, max-snippet:-1, max-image-preview:large, max-video-preview:-1\" \/>\n<link rel=\"canonical\" href=\"https:\/\/gourguiphoto.fr\/index.php\/histoire-du-club\/\" \/>\n<meta property=\"og:locale\" content=\"fr_FR\" \/>\n<meta property=\"og:type\" content=\"article\" \/>\n<meta property=\"og:title\" content=\"Historique du club - Gourguillonnaise-Photo\" \/>\n<meta property=\"og:description\" content=\"L\u2019histoire de la Gourguillonnaise-Photo Association culturelle alors r\u00e9serv\u00e9e en partie aux salari\u00e9s et aux retrait\u00e9s de la M\u00e9tropole et de la Ville de Lyon, qui la subventionnaient, la Gourguillonnaise a vu le jour en 1975. C\u2019est sa premi\u00e8re adresse, mont\u00e9e du Gourguillon, qui lui a donn\u00e9 son nom. Elle avait neuf \u00ab sections \u00bb : &hellip; Historique du club Lire la suite\u00a0\u00bb\" \/>\n<meta property=\"og:url\" content=\"https:\/\/gourguiphoto.fr\/index.php\/histoire-du-club\/\" \/>\n<meta property=\"og:site_name\" content=\"Gourguillonnaise-Photo\" \/>\n<meta property=\"article:modified_time\" content=\"2024-05-13T18:37:01+00:00\" \/>\n<meta name=\"twitter:card\" content=\"summary_large_image\" \/>\n<meta name=\"twitter:label1\" content=\"Dur\u00e9e de lecture estim\u00e9e\" \/>\n\t<meta name=\"twitter:data1\" content=\"1 minute\" \/>\n<script type=\"application\/ld+json\" class=\"yoast-schema-graph\">{\"@context\":\"https:\/\/schema.org\",\"@graph\":[{\"@type\":\"WebPage\",\"@id\":\"https:\/\/gourguiphoto.fr\/index.php\/histoire-du-club\/\",\"url\":\"https:\/\/gourguiphoto.fr\/index.php\/histoire-du-club\/\",\"name\":\"Historique du club - Gourguillonnaise-Photo\",\"isPartOf\":{\"@id\":\"https:\/\/gourguiphoto.fr\/#website\"},\"datePublished\":\"2023-01-29T20:25:08+00:00\",\"dateModified\":\"2024-05-13T18:37:01+00:00\",\"breadcrumb\":{\"@id\":\"https:\/\/gourguiphoto.fr\/index.php\/histoire-du-club\/#breadcrumb\"},\"inLanguage\":\"fr-FR\",\"potentialAction\":[{\"@type\":\"ReadAction\",\"target\":[\"https:\/\/gourguiphoto.fr\/index.php\/histoire-du-club\/\"]}]},{\"@type\":\"BreadcrumbList\",\"@id\":\"https:\/\/gourguiphoto.fr\/index.php\/histoire-du-club\/#breadcrumb\",\"itemListElement\":[{\"@type\":\"ListItem\",\"position\":1,\"name\":\"Accueil\",\"item\":\"https:\/\/gourguiphoto.fr\/\"},{\"@type\":\"ListItem\",\"position\":2,\"name\":\"Historique du club\"}]},{\"@type\":\"WebSite\",\"@id\":\"https:\/\/gourguiphoto.fr\/#website\",\"url\":\"https:\/\/gourguiphoto.fr\/\",\"name\":\"gourguiphoto\",\"description\":\"\",\"publisher\":{\"@id\":\"https:\/\/gourguiphoto.fr\/#organization\"},\"alternateName\":\"gourguillonnaise photo\",\"potentialAction\":[{\"@type\":\"SearchAction\",\"target\":{\"@type\":\"EntryPoint\",\"urlTemplate\":\"https:\/\/gourguiphoto.fr\/?s={search_term_string}\"},\"query-input\":\"required name=search_term_string\"}],\"inLanguage\":\"fr-FR\"},{\"@type\":\"Organization\",\"@id\":\"https:\/\/gourguiphoto.fr\/#organization\",\"name\":\"La Gourguillonnaise photo\",\"url\":\"https:\/\/gourguiphoto.fr\/\",\"logo\":{\"@type\":\"ImageObject\",\"inLanguage\":\"fr-FR\",\"@id\":\"https:\/\/gourguiphoto.fr\/#\/schema\/logo\/image\/\",\"url\":\"https:\/\/gourguiphoto.fr\/wp-content\/uploads\/2024\/05\/cropped-maq_x2.2_.jpg\",\"contentUrl\":\"https:\/\/gourguiphoto.fr\/wp-content\/uploads\/2024\/05\/cropped-maq_x2.2_.jpg\",\"width\":2349,\"height\":1002,\"caption\":\"La Gourguillonnaise photo\"},\"image\":{\"@id\":\"https:\/\/gourguiphoto.fr\/#\/schema\/logo\/image\/\"}}]}<\/script>\n<!-- \/ Yoast SEO plugin. -->","yoast_head_json":{"title":"Historique du club - Gourguillonnaise-Photo","robots":{"index":"index","follow":"follow","max-snippet":"max-snippet:-1","max-image-preview":"max-image-preview:large","max-video-preview":"max-video-preview:-1"},"canonical":"https:\/\/gourguiphoto.fr\/index.php\/histoire-du-club\/","og_locale":"fr_FR","og_type":"article","og_title":"Historique du club - Gourguillonnaise-Photo","og_description":"L\u2019histoire de la Gourguillonnaise-Photo Association culturelle alors r\u00e9serv\u00e9e en partie aux salari\u00e9s et aux retrait\u00e9s de la M\u00e9tropole et de la Ville de Lyon, qui la subventionnaient, la Gourguillonnaise a vu le jour en 1975. C\u2019est sa premi\u00e8re adresse, mont\u00e9e du Gourguillon, qui lui a donn\u00e9 son nom. Elle avait neuf \u00ab sections \u00bb : &hellip; Historique du club Lire la suite\u00a0\u00bb","og_url":"https:\/\/gourguiphoto.fr\/index.php\/histoire-du-club\/","og_site_name":"Gourguillonnaise-Photo","article_modified_time":"2024-05-13T18:37:01+00:00","twitter_card":"summary_large_image","twitter_misc":{"Dur\u00e9e de lecture estim\u00e9e":"1 minute"},"schema":{"@context":"https:\/\/schema.org","@graph":[{"@type":"WebPage","@id":"https:\/\/gourguiphoto.fr\/index.php\/histoire-du-club\/","url":"https:\/\/gourguiphoto.fr\/index.php\/histoire-du-club\/","name":"Historique du club - Gourguillonnaise-Photo","isPartOf":{"@id":"https:\/\/gourguiphoto.fr\/#website"},"datePublished":"2023-01-29T20:25:08+00:00","dateModified":"2024-05-13T18:37:01+00:00","breadcrumb":{"@id":"https:\/\/gourguiphoto.fr\/index.php\/histoire-du-club\/#breadcrumb"},"inLanguage":"fr-FR","potentialAction":[{"@type":"ReadAction","target":["https:\/\/gourguiphoto.fr\/index.php\/histoire-du-club\/"]}]},{"@type":"BreadcrumbList","@id":"https:\/\/gourguiphoto.fr\/index.php\/histoire-du-club\/#breadcrumb","itemListElement":[{"@type":"ListItem","position":1,"name":"Accueil","item":"https:\/\/gourguiphoto.fr\/"},{"@type":"ListItem","position":2,"name":"Historique du club"}]},{"@type":"WebSite","@id":"https:\/\/gourguiphoto.fr\/#website","url":"https:\/\/gourguiphoto.fr\/","name":"gourguiphoto","description":"","publisher":{"@id":"https:\/\/gourguiphoto.fr\/#organization"},"alternateName":"gourguillonnaise photo","potentialAction":[{"@type":"SearchAction","target":{"@type":"EntryPoint","urlTemplate":"https:\/\/gourguiphoto.fr\/?s={search_term_string}"},"query-input":"required name=search_term_string"}],"inLanguage":"fr-FR"},{"@type":"Organization","@id":"https:\/\/gourguiphoto.fr\/#organization","name":"La Gourguillonnaise photo","url":"https:\/\/gourguiphoto.fr\/","logo":{"@type":"ImageObject","inLanguage":"fr-FR","@id":"https:\/\/gourguiphoto.fr\/#\/schema\/logo\/image\/","url":"https:\/\/gourguiphoto.fr\/wp-content\/uploads\/2024\/05\/cropped-maq_x2.2_.jpg","contentUrl":"https:\/\/gourguiphoto.fr\/wp-content\/uploads\/2024\/05\/cropped-maq_x2.2_.jpg","width":2349,"height":1002,"caption":"La Gourguillonnaise photo"},"image":{"@id":"https:\/\/gourguiphoto.fr\/#\/schema\/logo\/image\/"}}]}},"_links":{"self":[{"href":"https:\/\/gourguiphoto.fr\/index.php\/wp-json\/wp\/v2\/pages\/13","targetHints":{"allow":["GET"]}}],"collection":[{"href":"https:\/\/gourguiphoto.fr\/index.php\/wp-json\/wp\/v2\/pages"}],"about":[{"href":"https:\/\/gourguiphoto.fr\/index.php\/wp-json\/wp\/v2\/types\/page"}],"author":[{"embeddable":true,"href":"https:\/\/gourguiphoto.fr\/index.php\/wp-json\/wp\/v2\/users\/1"}],"replies":[{"embeddable":true,"href":"https:\/\/gourguiphoto.fr\/index.php\/wp-json\/wp\/v2\/comments?post=13"}],"version-history":[{"count":98,"href":"https:\/\/gourguiphoto.fr\/index.php\/wp-json\/wp\/v2\/pages\/13\/revisions"}],"predecessor-version":[{"id":1207,"href":"https:\/\/gourguiphoto.fr\/index.php\/wp-json\/wp\/v2\/pages\/13\/revisions\/1207"}],"wp:attachment":[{"href":"https:\/\/gourguiphoto.fr\/index.php\/wp-json\/wp\/v2\/media?parent=13"}],"curies":[{"name":"wp","href":"https:\/\/api.w.org\/{rel}","templated":true}]}}