{"id":17,"date":"2023-01-29T21:25:18","date_gmt":"2023-01-29T20:25:18","guid":{"rendered":"https:\/\/gourguiphoto.fr\/?page_id=17"},"modified":"2024-06-09T19:29:52","modified_gmt":"2024-06-09T17:29:52","slug":"leclub","status":"publish","type":"page","link":"https:\/\/gourguiphoto.fr\/index.php\/leclub\/","title":{"rendered":"Le club"},"content":{"rendered":"\t\t<div data-elementor-type=\"wp-page\" data-elementor-id=\"17\" class=\"elementor elementor-17\">\n\t\t\t\t\t\t<section class=\"elementor-section elementor-top-section elementor-element elementor-element-8a32611 elementor-section-height-min-height elementor-section-content-middle elementor-section-boxed elementor-section-height-default elementor-section-items-middle\" data-id=\"8a32611\" data-element_type=\"section\">\n\t\t\t\t\t\t<div class=\"elementor-container elementor-column-gap-no\">\n\t\t\t\t\t<div class=\"elementor-column elementor-col-33 elementor-top-column elementor-element elementor-element-c9a4a32\" data-id=\"c9a4a32\" data-element_type=\"column\">\n\t\t\t<div class=\"elementor-widget-wrap\">\n\t\t\t\t\t\t\t<\/div>\n\t\t<\/div>\n\t\t\t\t<div class=\"elementor-column elementor-col-33 elementor-top-column elementor-element elementor-element-15f5650\" data-id=\"15f5650\" data-element_type=\"column\">\n\t\t\t<div class=\"elementor-widget-wrap elementor-element-populated\">\n\t\t\t\t\t\t<div class=\"elementor-element elementor-element-e19b4a4 elementor-widget__width-initial elementor-widget elementor-widget-heading\" data-id=\"e19b4a4\" data-element_type=\"widget\" data-widget_type=\"heading.default\">\n\t\t\t\t<div class=\"elementor-widget-container\">\n\t\t\t<style>\/*! elementor - v3.21.0 - 18-04-2024 *\/\n.elementor-heading-title{padding:0;margin:0;line-height:1}.elementor-widget-heading .elementor-heading-title[class*=elementor-size-]>a{color:inherit;font-size:inherit;line-height:inherit}.elementor-widget-heading .elementor-heading-title.elementor-size-small{font-size:15px}.elementor-widget-heading .elementor-heading-title.elementor-size-medium{font-size:19px}.elementor-widget-heading .elementor-heading-title.elementor-size-large{font-size:29px}.elementor-widget-heading .elementor-heading-title.elementor-size-xl{font-size:39px}.elementor-widget-heading .elementor-heading-title.elementor-size-xxl{font-size:59px}<\/style><h1 class=\"elementor-heading-title elementor-size-default\">La Gourguillonnaise-Photo : le rendez-vous des amoureux de la photographie<\/h1>\t\t<\/div>\n\t\t\t\t<\/div>\n\t\t\t\t\t<\/div>\n\t\t<\/div>\n\t\t\t\t<div class=\"elementor-column elementor-col-33 elementor-top-column elementor-element elementor-element-2094c47\" data-id=\"2094c47\" data-element_type=\"column\">\n\t\t\t<div class=\"elementor-widget-wrap\">\n\t\t\t\t\t\t\t<\/div>\n\t\t<\/div>\n\t\t\t\t\t<\/div>\n\t\t<\/section>\n\t\t\t\t<section class=\"elementor-section elementor-top-section elementor-element elementor-element-0a43a30 elementor-section-boxed elementor-section-height-default elementor-section-height-default\" data-id=\"0a43a30\" data-element_type=\"section\">\n\t\t\t\t\t\t<div class=\"elementor-container elementor-column-gap-default\">\n\t\t\t\t\t<div class=\"elementor-column elementor-col-33 elementor-top-column elementor-element elementor-element-69906d0\" data-id=\"69906d0\" data-element_type=\"column\">\n\t\t\t<div class=\"elementor-widget-wrap\">\n\t\t\t\t\t\t\t<\/div>\n\t\t<\/div>\n\t\t\t\t<div class=\"elementor-column elementor-col-33 elementor-top-column elementor-element elementor-element-7486314\" data-id=\"7486314\" data-element_type=\"column\">\n\t\t\t<div class=\"elementor-widget-wrap elementor-element-populated\">\n\t\t\t\t\t\t<div class=\"elementor-element elementor-element-5f4a1f8 elementor-widget elementor-widget-heading\" data-id=\"5f4a1f8\" data-element_type=\"widget\" data-widget_type=\"heading.default\">\n\t\t\t\t<div class=\"elementor-widget-container\">\n\t\t\t<h2 class=\"elementor-heading-title elementor-size-default\"><span style=\"color: rgb(67, 12, 5); font-size: 16px; white-space-collapse: collapse;\">L\u2019esprit du club : un lieu d\u2019\u00e9change<\/span><\/h2>\t\t<\/div>\n\t\t\t\t<\/div>\n\t\t\t\t<div class=\"elementor-element elementor-element-a021ba3 elementor-widget elementor-widget-text-editor\" data-id=\"a021ba3\" data-element_type=\"widget\" data-widget_type=\"text-editor.default\">\n\t\t\t\t<div class=\"elementor-widget-container\">\n\t\t\t<style>\/*! elementor - v3.21.0 - 18-04-2024 *\/\n.elementor-widget-text-editor.elementor-drop-cap-view-stacked .elementor-drop-cap{background-color:#69727d;color:#fff}.elementor-widget-text-editor.elementor-drop-cap-view-framed .elementor-drop-cap{color:#69727d;border:3px solid;background-color:transparent}.elementor-widget-text-editor:not(.elementor-drop-cap-view-default) .elementor-drop-cap{margin-top:8px}.elementor-widget-text-editor:not(.elementor-drop-cap-view-default) .elementor-drop-cap-letter{width:1em;height:1em}.elementor-widget-text-editor .elementor-drop-cap{float:left;text-align:center;line-height:1;font-size:50px}.elementor-widget-text-editor .elementor-drop-cap-letter{display:inline-block}<\/style>\t\t\t\t<p>Si photographier est un acte solitaire, montrer ses images est une d\u00e9marche qui permet de se confronter aux regards d\u2019autrui et d\u2019avancer dans sa propre pratique. Vous apprendrez \u00e0 s\u00e9lectionner vos images et \u00e0 construire des s\u00e9ries coh\u00e9rentes dans vos th\u00e8mes personnels et en vue d\u2019expositions collectives.<\/p>\t\t\t\t\t\t<\/div>\n\t\t\t\t<\/div>\n\t\t\t\t\t<\/div>\n\t\t<\/div>\n\t\t\t\t<div class=\"elementor-column elementor-col-33 elementor-top-column elementor-element elementor-element-71135cb\" data-id=\"71135cb\" data-element_type=\"column\">\n\t\t\t<div class=\"elementor-widget-wrap\">\n\t\t\t\t\t\t\t<\/div>\n\t\t<\/div>\n\t\t\t\t\t<\/div>\n\t\t<\/section>\n\t\t\t\t<section class=\"elementor-section elementor-top-section elementor-element elementor-element-bd71007 elementor-section-boxed elementor-section-height-default elementor-section-height-default\" data-id=\"bd71007\" data-element_type=\"section\">\n\t\t\t\t\t\t<div class=\"elementor-container elementor-column-gap-default\">\n\t\t\t\t\t<div class=\"elementor-column elementor-col-33 elementor-top-column elementor-element elementor-element-78a1cad\" data-id=\"78a1cad\" data-element_type=\"column\">\n\t\t\t<div class=\"elementor-widget-wrap\">\n\t\t\t\t\t\t\t<\/div>\n\t\t<\/div>\n\t\t\t\t<div class=\"elementor-column elementor-col-33 elementor-top-column elementor-element elementor-element-e58c9c4\" data-id=\"e58c9c4\" data-element_type=\"column\">\n\t\t\t<div class=\"elementor-widget-wrap elementor-element-populated\">\n\t\t\t\t\t\t<div class=\"elementor-element elementor-element-7be38dc elementor-widget elementor-widget-heading\" data-id=\"7be38dc\" data-element_type=\"widget\" data-widget_type=\"heading.default\">\n\t\t\t\t<div class=\"elementor-widget-container\">\n\t\t\t<h3 class=\"elementor-heading-title elementor-size-default\"><span style=\"color: rgb(67, 12, 5); font-size: 16px; white-space-collapse: collapse;\">La culture photo<\/span><\/h3>\t\t<\/div>\n\t\t\t\t<\/div>\n\t\t\t\t<div class=\"elementor-element elementor-element-682ee7e elementor-widget elementor-widget-text-editor\" data-id=\"682ee7e\" data-element_type=\"widget\" data-widget_type=\"text-editor.default\">\n\t\t\t\t<div class=\"elementor-widget-container\">\n\t\t\t\t\t\t\t<p>\u00a0 \u00a0 \u00a0 \u00a0 \u00a0 \u00a0 \u00a0 \u00a0 \u00a0 \u00a0 \u00a0 \u00a0 \u00a0 \u00a0 \u00a0 \u00a0 \u00a0 \u00a0 \u00a0 \u00a0 \u00a0 \u00a0 \u00a0 \u00a0 \u00a0 \u00a0 \u00a0 \u00a0 \u00a0 \u00a0 \u00a0 \u00a0 \u00a0 \u00a0 \u00a0 \u00a0 \u00a0 \u00a0 Gis\u00e8le Freund :<br \/>\u00a0 \u00a0 \u00a0 \u00a0 \u00a0 \u00a0 \u00a0 \u00a0 \u00a0 \u00a0 \u00a0 \u00a0 \u00a0 \u00a0 \u00a0 \u00a0 \u00a0 \u00a0 \u00a0 \u00a0 \u00a0 \u00a0 \u00a0 \u00ab <em>La culture photo est plus importante que la technique<\/em> \u00bb<\/p><p>Des s\u00e9ances sont consacr\u00e9es \u00e0 la <span style=\"text-decoration: underline;\"><a href=\"https:\/\/gourguiphoto.fr\/index.php\/activites#ancreCulturePhoto\" data-wplink-url-error=\"true\">culture photographique<\/a><\/span> \u00e0 travers des expos\u00e9s sur des photographes ou des visites d\u2019exposition. Vous serez inform\u00e9s r\u00e9guli\u00e8rement sur les expos photos en cours, les rencontres d\u2019Arles, les salons de photographie en Rh\u00f4ne-Alpes.<\/p>\t\t\t\t\t\t<\/div>\n\t\t\t\t<\/div>\n\t\t\t\t\t<\/div>\n\t\t<\/div>\n\t\t\t\t<div class=\"elementor-column elementor-col-33 elementor-top-column elementor-element elementor-element-6bdae4f\" data-id=\"6bdae4f\" data-element_type=\"column\">\n\t\t\t<div class=\"elementor-widget-wrap\">\n\t\t\t\t\t\t\t<\/div>\n\t\t<\/div>\n\t\t\t\t\t<\/div>\n\t\t<\/section>\n\t\t\t\t<\/div>\n\t\t","protected":false},"excerpt":{"rendered":"<p>La Gourguillonnaise-Photo : le rendez-vous des amoureux de la photographie L\u2019esprit du club : un lieu d\u2019\u00e9change Si photographier est un acte solitaire, montrer ses images est une d\u00e9marche qui permet de se confronter aux regards d\u2019autrui et d\u2019avancer dans sa propre pratique. Vous apprendrez \u00e0 s\u00e9lectionner vos images et \u00e0 construire des s\u00e9ries coh\u00e9rentes &hellip;<\/p>\n<p class=\"read-more\"> <a class=\"\" href=\"https:\/\/gourguiphoto.fr\/index.php\/leclub\/\"> <span class=\"screen-reader-text\">Le club<\/span> Lire la suite\u00a0\u00bb<\/a><\/p>\n","protected":false},"author":1,"featured_media":0,"parent":0,"menu_order":0,"comment_status":"closed","ping_status":"closed","template":"elementor_header_footer","meta":{"site-sidebar-layout":"no-sidebar","site-content-layout":"page-builder","ast-global-header-display":"","ast-main-header-display":"","ast-hfb-above-header-display":"","ast-hfb-below-header-display":"","ast-hfb-mobile-header-display":"","site-post-title":"disabled","ast-breadcrumbs-content":"","ast-featured-img":"disabled","footer-sml-layout":"","theme-transparent-header-meta":"","adv-header-id-meta":"","stick-header-meta":"","header-above-stick-meta":"","header-main-stick-meta":"","header-below-stick-meta":"","ngg_post_thumbnail":0,"footnotes":""},"class_list":["post-17","page","type-page","status-publish","hentry"],"yoast_head":"<!-- This site is optimized with the Yoast SEO plugin v20.4 - https:\/\/yoast.com\/wordpress\/plugins\/seo\/ -->\n<title>Le club - Gourguillonnaise-Photo<\/title>\n<meta name=\"robots\" content=\"index, follow, max-snippet:-1, max-image-preview:large, max-video-preview:-1\" \/>\n<link rel=\"canonical\" href=\"https:\/\/gourguiphoto.fr\/index.php\/leclub\/\" \/>\n<meta property=\"og:locale\" content=\"fr_FR\" \/>\n<meta property=\"og:type\" content=\"article\" \/>\n<meta property=\"og:title\" content=\"Le club - Gourguillonnaise-Photo\" \/>\n<meta property=\"og:description\" content=\"La Gourguillonnaise-Photo : le rendez-vous des amoureux de la photographie L\u2019esprit du club : un lieu d\u2019\u00e9change Si photographier est un acte solitaire, montrer ses images est une d\u00e9marche qui permet de se confronter aux regards d\u2019autrui et d\u2019avancer dans sa propre pratique. Vous apprendrez \u00e0 s\u00e9lectionner vos images et \u00e0 construire des s\u00e9ries coh\u00e9rentes &hellip; Le club Lire la suite\u00a0\u00bb\" \/>\n<meta property=\"og:url\" content=\"https:\/\/gourguiphoto.fr\/index.php\/leclub\/\" \/>\n<meta property=\"og:site_name\" content=\"Gourguillonnaise-Photo\" \/>\n<meta property=\"article:modified_time\" content=\"2024-06-09T17:29:52+00:00\" \/>\n<meta name=\"twitter:card\" content=\"summary_large_image\" \/>\n<meta name=\"twitter:label1\" content=\"Dur\u00e9e de lecture estim\u00e9e\" \/>\n\t<meta name=\"twitter:data1\" content=\"1 minute\" \/>\n<script type=\"application\/ld+json\" class=\"yoast-schema-graph\">{\"@context\":\"https:\/\/schema.org\",\"@graph\":[{\"@type\":\"WebPage\",\"@id\":\"https:\/\/gourguiphoto.fr\/index.php\/leclub\/\",\"url\":\"https:\/\/gourguiphoto.fr\/index.php\/leclub\/\",\"name\":\"Le club - Gourguillonnaise-Photo\",\"isPartOf\":{\"@id\":\"https:\/\/gourguiphoto.fr\/#website\"},\"datePublished\":\"2023-01-29T20:25:18+00:00\",\"dateModified\":\"2024-06-09T17:29:52+00:00\",\"breadcrumb\":{\"@id\":\"https:\/\/gourguiphoto.fr\/index.php\/leclub\/#breadcrumb\"},\"inLanguage\":\"fr-FR\",\"potentialAction\":[{\"@type\":\"ReadAction\",\"target\":[\"https:\/\/gourguiphoto.fr\/index.php\/leclub\/\"]}]},{\"@type\":\"BreadcrumbList\",\"@id\":\"https:\/\/gourguiphoto.fr\/index.php\/leclub\/#breadcrumb\",\"itemListElement\":[{\"@type\":\"ListItem\",\"position\":1,\"name\":\"Accueil\",\"item\":\"https:\/\/gourguiphoto.fr\/\"},{\"@type\":\"ListItem\",\"position\":2,\"name\":\"Le club\"}]},{\"@type\":\"WebSite\",\"@id\":\"https:\/\/gourguiphoto.fr\/#website\",\"url\":\"https:\/\/gourguiphoto.fr\/\",\"name\":\"gourguiphoto\",\"description\":\"\",\"publisher\":{\"@id\":\"https:\/\/gourguiphoto.fr\/#organization\"},\"alternateName\":\"gourguillonnaise photo\",\"potentialAction\":[{\"@type\":\"SearchAction\",\"target\":{\"@type\":\"EntryPoint\",\"urlTemplate\":\"https:\/\/gourguiphoto.fr\/?s={search_term_string}\"},\"query-input\":\"required name=search_term_string\"}],\"inLanguage\":\"fr-FR\"},{\"@type\":\"Organization\",\"@id\":\"https:\/\/gourguiphoto.fr\/#organization\",\"name\":\"La Gourguillonnaise photo\",\"url\":\"https:\/\/gourguiphoto.fr\/\",\"logo\":{\"@type\":\"ImageObject\",\"inLanguage\":\"fr-FR\",\"@id\":\"https:\/\/gourguiphoto.fr\/#\/schema\/logo\/image\/\",\"url\":\"https:\/\/gourguiphoto.fr\/wp-content\/uploads\/2024\/05\/cropped-maq_x2.2_.jpg\",\"contentUrl\":\"https:\/\/gourguiphoto.fr\/wp-content\/uploads\/2024\/05\/cropped-maq_x2.2_.jpg\",\"width\":2349,\"height\":1002,\"caption\":\"La Gourguillonnaise photo\"},\"image\":{\"@id\":\"https:\/\/gourguiphoto.fr\/#\/schema\/logo\/image\/\"}}]}<\/script>\n<!-- \/ Yoast SEO plugin. -->","yoast_head_json":{"title":"Le club - Gourguillonnaise-Photo","robots":{"index":"index","follow":"follow","max-snippet":"max-snippet:-1","max-image-preview":"max-image-preview:large","max-video-preview":"max-video-preview:-1"},"canonical":"https:\/\/gourguiphoto.fr\/index.php\/leclub\/","og_locale":"fr_FR","og_type":"article","og_title":"Le club - Gourguillonnaise-Photo","og_description":"La Gourguillonnaise-Photo : le rendez-vous des amoureux de la photographie L\u2019esprit du club : un lieu d\u2019\u00e9change Si photographier est un acte solitaire, montrer ses images est une d\u00e9marche qui permet de se confronter aux regards d\u2019autrui et d\u2019avancer dans sa propre pratique. Vous apprendrez \u00e0 s\u00e9lectionner vos images et \u00e0 construire des s\u00e9ries coh\u00e9rentes &hellip; Le club Lire la suite\u00a0\u00bb","og_url":"https:\/\/gourguiphoto.fr\/index.php\/leclub\/","og_site_name":"Gourguillonnaise-Photo","article_modified_time":"2024-06-09T17:29:52+00:00","twitter_card":"summary_large_image","twitter_misc":{"Dur\u00e9e de lecture estim\u00e9e":"1 minute"},"schema":{"@context":"https:\/\/schema.org","@graph":[{"@type":"WebPage","@id":"https:\/\/gourguiphoto.fr\/index.php\/leclub\/","url":"https:\/\/gourguiphoto.fr\/index.php\/leclub\/","name":"Le club - Gourguillonnaise-Photo","isPartOf":{"@id":"https:\/\/gourguiphoto.fr\/#website"},"datePublished":"2023-01-29T20:25:18+00:00","dateModified":"2024-06-09T17:29:52+00:00","breadcrumb":{"@id":"https:\/\/gourguiphoto.fr\/index.php\/leclub\/#breadcrumb"},"inLanguage":"fr-FR","potentialAction":[{"@type":"ReadAction","target":["https:\/\/gourguiphoto.fr\/index.php\/leclub\/"]}]},{"@type":"BreadcrumbList","@id":"https:\/\/gourguiphoto.fr\/index.php\/leclub\/#breadcrumb","itemListElement":[{"@type":"ListItem","position":1,"name":"Accueil","item":"https:\/\/gourguiphoto.fr\/"},{"@type":"ListItem","position":2,"name":"Le club"}]},{"@type":"WebSite","@id":"https:\/\/gourguiphoto.fr\/#website","url":"https:\/\/gourguiphoto.fr\/","name":"gourguiphoto","description":"","publisher":{"@id":"https:\/\/gourguiphoto.fr\/#organization"},"alternateName":"gourguillonnaise photo","potentialAction":[{"@type":"SearchAction","target":{"@type":"EntryPoint","urlTemplate":"https:\/\/gourguiphoto.fr\/?s={search_term_string}"},"query-input":"required name=search_term_string"}],"inLanguage":"fr-FR"},{"@type":"Organization","@id":"https:\/\/gourguiphoto.fr\/#organization","name":"La Gourguillonnaise photo","url":"https:\/\/gourguiphoto.fr\/","logo":{"@type":"ImageObject","inLanguage":"fr-FR","@id":"https:\/\/gourguiphoto.fr\/#\/schema\/logo\/image\/","url":"https:\/\/gourguiphoto.fr\/wp-content\/uploads\/2024\/05\/cropped-maq_x2.2_.jpg","contentUrl":"https:\/\/gourguiphoto.fr\/wp-content\/uploads\/2024\/05\/cropped-maq_x2.2_.jpg","width":2349,"height":1002,"caption":"La Gourguillonnaise photo"},"image":{"@id":"https:\/\/gourguiphoto.fr\/#\/schema\/logo\/image\/"}}]}},"_links":{"self":[{"href":"https:\/\/gourguiphoto.fr\/index.php\/wp-json\/wp\/v2\/pages\/17","targetHints":{"allow":["GET"]}}],"collection":[{"href":"https:\/\/gourguiphoto.fr\/index.php\/wp-json\/wp\/v2\/pages"}],"about":[{"href":"https:\/\/gourguiphoto.fr\/index.php\/wp-json\/wp\/v2\/types\/page"}],"author":[{"embeddable":true,"href":"https:\/\/gourguiphoto.fr\/index.php\/wp-json\/wp\/v2\/users\/1"}],"replies":[{"embeddable":true,"href":"https:\/\/gourguiphoto.fr\/index.php\/wp-json\/wp\/v2\/comments?post=17"}],"version-history":[{"count":111,"href":"https:\/\/gourguiphoto.fr\/index.php\/wp-json\/wp\/v2\/pages\/17\/revisions"}],"predecessor-version":[{"id":1588,"href":"https:\/\/gourguiphoto.fr\/index.php\/wp-json\/wp\/v2\/pages\/17\/revisions\/1588"}],"wp:attachment":[{"href":"https:\/\/gourguiphoto.fr\/index.php\/wp-json\/wp\/v2\/media?parent=17"}],"curies":[{"name":"wp","href":"https:\/\/api.w.org\/{rel}","templated":true}]}}